z(q).
38
Let f(m) = m**3 - 2*m**2 - m + 5. Let q(y) = 2*y**3 - 3*y**2 - 2*y + 11. Let a(g) = -5*f(g) + 3*q(g). Let s = 1589 + -1589. Determine a(s).
8
Let g(h) = 3*h. Let f be 2 - (-5 - -11 - 4). Suppose f = 3*c - 15, 2*l - c = -2*c + 9. What is g(l)?
6
Let r(q) = 2*q + 9. Let j be 0 - 6/((1/(-1))/(-1)). Let a be ((-3)/18 - (-17)/j) + 33. Suppose -30 = -a*b + 35*b. What is r(b)?
-3
Suppose -3*h = -2*f - 191, 2*f = -0*h + 4*h - 254. Let n(l) = -h*l + 120*l - 87*l. What is n(-1)?
30
Let g(d) = -17*d**2 - 62*d + 71. Let q(b) = 24*b**2 + 84*b - 106. Let k(h) = -7*g(h) - 5*q(h). What is k(-2)?
1
Suppose -6*n + 8 + 28 = 0. Let w be -4*2*n/(-24). Let z(l) = 3*l - 10. Let f(m) = 2*m - 7. Let o(u) = 7*f(u) - 5*z(u). What is o(w)?
-1
Suppose 0 = -5*s - w + 1280, -w - 505 = -3*s + s. Let n(o) = -515*o + 259*o + 4 + s*o. Determine n(-5).
9
Let f(y) = y**2 - 5*y - 16. Let l be (496/(-28))/4 + (72/(-28) - -3). Determine f(l).
20
Let c(t) = 16*t + 79. Suppose 0 = -773*r + 737*r - 144. Determine c(r).
15
Let k(a) be the first derivative of a**3 - 2*a**2 + 3*a - 2364. Let z = 65 + -63. Give k(z).
7
Let b(a) be the first derivative of a**3/3 - a**2/2 + 3*a - 1. Let l = 54 - 49. Suppose s + 3 = 2*t, 0*s + l*t - 27 = -4*s. Calculate b(s).
9
Let c = 1328 - 1358. Let w be (64/(-20) + 4)/((-6)/c). Let n(h) = -5*h**2 + h - 8. Let z(t) = t**2 + 1. Let i(f) = -n(f) - 6*z(f). Give i(w).
-18
Let t(a) be the third derivative of -5*a**2 + 1/24*a**4 + 0*a + 0 + 0*a**3 + 19/60*a**5. Let b be (-2 + -1)*64/(-192). What is t(b)?
20
Let j(c) = 23*c**2 - 5*c - 7. Let n(p) be the first derivative of -50*p**3/3 + 5*p**2 + 14*p - 234. Let a(t) = 13*j(t) + 6*n(t). Give a(-2).
-1
Let c(u) = 7*u**3 + 6*u**2 - 32*u - 117. Let m(k) = 8*k**3 + 9*k**2 - 31*k - 118. Let r(j) = 7*c(j) - 6*m(j). Give r(15).
-6
Suppose -4*v - 65 = -5*u, u - 3*v = -2*u + 42. Let k(n) = n + 11. Determine k(u).
20
Let o(i) = 39*i + 1. Let c(j) = -47*j - 1. Suppose 26*s - 22*s + 16 = 2*a, 3*s = a - 14. Let z(f) = s*o(f) - 5*c(f). Determine z(7).
6
Let w(y) = -y**2 - y - 3. Let b(f) = -3*f**2 - 25*f - 24. Let h(a) = -b(a) + 2*w(a). Calculate h(-17).
-84
Let i = 187 + -178. Let m(c) be the first derivative of -c**3/3 + 4*c**2 + 18*c - 6. Determine m(i).
9
Let l(v) = v**2 - 12*v - 1. Suppose 9*d - 14*d = -15. Suppose 3*u - y = 41, -d*u - 5*y = -10*y - 61. Calculate l(u).
-1
Let k be (-5)/(-3)*(288/40 + -6). Let b(p) = -7 + 2 + p + 6 - k + 4*p. What is b(-3)?
-16
Suppose -10*i - 150 = -i - 60. Let l(t) = -t**2 - 10*t + 14. What is l(i)?
14
Let g(n) = -n. Let k be g(-2). Suppose -2560 - 255 = -142*h + 735. Suppose 3*o + 5*r + 37 = 0, k*r - r + h = -5*o. Let z(m) = m**2 - m + 3. Determine z(o).
23
Let t be ((360/16)/(-15))/((-1)/2). Let p(c) = 0*c + 3 - c**2 - c + t + 0*c**2. What is p(0)?
6
Suppose -3*i - 72 = -63. Let l = -10 + 13. Let q(r) = -r - 1 + r**3 - 3*r + l*r + 2 + 2*r**2. Determine q(i).
-5
Let o(l) be the second derivative of l**5/120 + l**4/12 + l**3 + 2*l. Let y(a) be the second derivative of o(a). Let q = 187 - 193. Calculate y(q).
-4
Let n(j) = j**3 - 18*j**2 - 12*j - 11. Let b(z) = 2*z**3 - 39*z**2 - 23*z - 22. Let l(h) = 4*b(h) - 9*n(h). Give l(8).
11
Let j(u) be the third derivative of -11*u**4/12 + 11*u**3/6 + 1621*u**2. Calculate j(7).
-143
Let t(c) = 13*c - 51 - 35*c + c**2 + 7 + 12*c + 28*c. What is t(-20)?
-4
Let t(y) = -y**3 - 2. Let b(k) be the second derivative of -3*k**5/20 + k**4/12 - 3*k**2 + 62*k. Let p(j) = -4*b(j) + 11*t(j). Determine p(2).
-6
Let o = 320 + -226. Let u be 2 + (-856)/(-10) + 27*(-34)/(-2295). Let s = o - u. Let z(b) = b - 6. Calculate z(s).
0
Let i(m) = -3*m + 13. Let t be -5*(-12)/(-30) + -7 + 11 + -2. Calculate i(t).
13
Let q(g) = -4*g**3 + 3*g**2 - 3*g + 3. Let i = -7 + -4. Let f(m) = -7*m - 75. Let d be f(i). What is q(d)?
-23
Let j(r) = -73*r + 46. Let d(f) = -89*f + 45. Let n(i) = -3*d(i) + 4*j(i). What is n(2)?
-1
Let i(l) = l**2 + 4. Let b = 27 - 1. Let k = b - 59. Let j = k - -36. Give i(j).
13
Suppose 0 = -319*l + 348*l + 29. Let d(q) = -27*q**3 + q**2 - 2. Give d(l).
26
Let s be 6/(-4*3/(-18)). Suppose 3*f + x - s = 8, -3*x = 5*f - 27. Let j(z) = z**2 - 6*z - 6. What is j(f)?
-6
Let r(x) = -x - 6. Let n be r(0). Let d = -256 + 258. Let c(v) = -406*v + 3*v**2 - 2*v**d - 8 + 411*v. Calculate c(n).
-2
Let r = 13 - 9. Suppose -r*s - s = s. Suppose s*g + 4 = -2*g - 5*a, 10 = -5*a. Let o(d) = -2*d - 4. Give o(g).
-10
Let k(i) = -44*i**3 - 6*i**2 - 6*i + 8. Let c(o) = -9*o**3 + o - 1. Let m(l) = -5*c(l) + k(l). Give m(7).
-15
Let a(r) = 64*r**2 + 9*r + 62. Let n(u) = -64*u**2 - 8*u - 55. Let t(d) = 8*a(d) + 9*n(d). Calculate t(1).
-63
Let z = 22 - 19. Suppose -z*t + 5*t - t = 0. Suppose 5*p + 15 = -t*j - j, -4*j = -p - 3. Let f(r) = r**2 - 5. Determine f(j).
-5
Let x(r) = 2*r**2 + 6*r - 31. Suppose -105*g + 1 = -314. Give x(g).
5
Let p be (-5985)/(-175) + 8/10. Let h(i) = 8*i**2 - 8 - p*i + 6 + 4 + 15*i**2 + 33*i. Determine h(1).
23
Let k = 98 + -70. Let a(c) = 22 - 55 + k - 2*c. Let l be (5 + (1 - 3))*(-1 + 3). Calculate a(l).
-17
Suppose h + g - 12 = 0, -2*g + 40 = 3*h + 3*g. Let t = 12 - h. Suppose -t*r = -4 - 12. Let d(y) = -y**3 + 8*y**2 - y + 4. Determine d(r).
-4
Let m(h) be the first derivative of -15*h**2 - 24*h - 10027. Determine m(-3).
66
Let m(d) = -d**2 + 6*d + 5. Suppose 802 = -19*i + 14*i + 4*y, -4*i + 2*y = 644. Let j = i + 166. Give m(j).
13
Let r(t) = 7*t**3 + 6*t**2 - t + 13. Let b(f) = -9*f**3 - 5*f**2 + f - 18. Let u(n) = 4*b(n) + 5*r(n). Give u(0).
-7
Suppose 0 = 33*q + 32*q - 26*q. Let v(l) = l**2 + 34. Give v(q).
34
Let g(o) = -3*o - 25. Let r be (564 - 3) + 30/(-9 - -3). Let k = r - 562. Determine g(k).
-7
Let q(d) = 10*d**2 - 7*d + 34. Let s(g) = g**2 - g + 8. Let k(b) = -q(b) + 4*s(b). Calculate k(2).
-20
Let t(j) be the third derivative of -j**6/120 + j**5/5 - j**4/12 + 17*j**3/6 + 57*j**2 + 172*j - 1. Let h be (-10)/55 - (-134)/11. Determine t(h).
-7
Let c(h) = -16*h - 10. Let g(j) = -28*j - 19. Let b(r) = r. Let y(s) = b(s) + g(s). Let k(l) = -5*c(l) + 3*y(l). Give k(-8).
1
Let y = -10 + 5. Let f(h) = -137*h + 7. Let z(g) = 34*g - 2. Let j(s) = -3*f(s) - 12*z(s). Determine j(y).
-12
Let i(o) = -3*o + 37. Let x(t) = t**3 - 6*t**2 + 8*t - 1. Let m be x(5). Let b be i(m). Let h(j) = 10*j**2 + 2 - 4*j - 2*j - 11*j**2 + j. Determine h(b).
2
Suppose -3*a + 32 = 4*r, 69*r - 65 = -5*a + 74*r. Let z(j) = -j**2 + 9*j + 37. Determine z(a).
1
Let c(z) = 8*z + 62. Let g(x) = -x**3 - 55*x**2 - 76*x - 1197. Let q be g(-54). Calculate c(q).
-10
Let p(x) = -4*x**3 - 4*x**2 - 22. Let g = -21 + 19. Let q be (g - 14/(-4))*2. Let k(z) = 3*z**3 + 3*z**2 + 21. Let r(c) = q*k(c) + 2*p(c). What is r(0)?
19
Let y(c) = c + 33. Let l be y(-21). Let x(n) = -n**3 + 11*n**2 + 15*n + 23. Let k be x(l). Let h = 58 - k. Let o(z) = -22*z**3 - z**2 + 1. Give o(h).
22
Suppose z - 24*z - 299 = 0. Let i(h) = h + 12. Let u(x) = -2*x - 25. Let c(b) = z*i(b) - 6*u(b). Determine c(-4).
-2
Let d(h) = -80*h - 398. Let o be d(-5). Let z(l) = 0 - 2 - 2*l**2 + 4*l**3 - 5*l**3 + 4*l**o + 2*l**2. Calculate z(4).
-2
Let w(h) = -8*h + 21. Let b(l) = -9*l + 20. Let a(v) = 4*b(v) - 5*w(v). Let q be a(0). Let g = q + 29. Let k(p) = p + 1. What is k(g)?
5
Let z(y) = -131*y**3 - 90*y**2 + 128*y + 73. Let a(o) = 29*o**3 + 22*o**2 - 32*o - 18. Let j(m) = 9*a(m) + 2*z(m). Give j(16).
-16
Let j(s) = 4420*s**2 + 2*s + s**3 - 4427*s**2 + s + 11. What is j(6)?
-7
Suppose -198*p - 44*p + 16214 = 0. Let f(k) = -2*k**2 + 136*k - 125. Calculate f(p).
9
Let k = -591 - -630. Let u(g) = -2 - 5 - 10 - 4 + k - 2*g. Give u(6).
6
Let x be 2/(((-4)/(-14))/((-10)/(-14))). Let l(y) = 27 - x*y**2 - 4*y + 18 + y**3 - 46. Give l(6).
11
Let s(b) = 40*b**3 + b**2 - 3*b - 3. Let r(c) = c**3 - c - 1. Let x(o) = 2*r(o) - s(o). Determine x(-1).
37
Let s(n) = -2*n**3 + 60*n**2 + 5*n - 147. Let v be s(30). Let q(b) = b**2 - 13*b + 34. What is q(v)?
4
Let y(i) be the second derivative of -i**5/20 + i**4/6 - i**3 + 13*i**2/2 - 1005*i. Calculate y(3).
-14
Let o(l) = 17. Let j(m) = -14*m + 114. Let f(v) = j(v) - 13*o(v). Determine f(-10).
33
Let g(n) = -n**3 + 5*n**2 - 2*n - 2. Suppose 5*w - 8*w = -2*v - 313, 509 = 5*w + 3*v. Let p = -100 + w. Give g(p).
10
Suppose 5*x + 5*u = 183 - 193, -44 = x + 7*u. Let q(s) = 11*s**2 - 